 Suppose -a*t - 25 = 5*h, 5*t - 4*h + 5 = 25. Let b(k) = t*k - k - 1 + 2*k. Calculate b(0).
-1
Let g(n) = -9*n - 11. Let f(h) = -26*h - 32. Let i(k) = -4*f(k) + 11*g(k). Calculate i(-6).
-23
Let q(k) = 2*k - 6. Let y be 0 - -5 - (-2 - -2). Calculate q(y).
4
Let p(c) = -c**2 + 5*c - 2. Let k be p(3). Let o(d) = -d**3 - 3*d**2 + 2. Let z be o(-3). Let s(y) = -6 + 0 + 2*y + y - 5*y**2 + z*y + y**3. Calculate s(k).
-2
Let v(q) = 7*q**2 + 12*q + 8. Let t(z) = -20*z**2 - 35*z - 23. Let o(p) = -6*t(p) - 17*v(p). Give o(-5).
-3
Suppose q = -q + 2. Let o = 1 + q. Let s(i) = i**3 - 8 + 0*i**3 + i**o + 0*i**3. Calculate s(0).
-8
Let s(o) = o**3 - 3*o**2 + 1. Suppose 0 = -q - 0*q + 7. Let v(x) = x**2 + 3 - 7*x + 0*x**2 + 0*x**2. Let i be v(q). What is s(i)?
1
Let v(o) = 0 + o - 1 + 3 - 1. Let x(t) = 2*t + 10. Let n(h) = 3*v(h) - x(h). Give n(6).
-1
Let a(w) = 0 - w - 4 + 4. Let u be a(4). Let b(l) = -l**3 - 9*l**2 - 3. Let d(z) = -2*z**3 - 19*z**2 - z - 7. Let i(m) = -13*b(m) + 6*d(m). What is i(u)?
5
Let r(f) = -f - 3. Let g(v) = -2*v - 30. Let i be g(-13). Calculate r(i).
1
Suppose f = 3*f - 4*b + 12, 0 = 3*f + 3*b - 18. Let z(u) = u**2 - u - 2. Calculate z(f).
0
Let s(q) = 3*q - 1. Suppose -2*f + 9 = 13. Give s(f).
-7
Let k be 25/(-4) - (-4)/16. Let u(p) = -4*p**3 + 5*p**2 - 13. Let g(b) = -5*b**3 + 6*b**2 - 14. Let v(z) = k*u(z) + 5*g(z). What is v(0)?
8
Let s(v) = -v**2 + 1 + 5*v**2 - 2*v**2. Let m(l) = -4 + 1 + 0 + l - 5. Let w be m(9). Determine s(w).
3
Let x(p) = -3*p. Let n = -6 - 0. Let u be ((-2)/n)/((-2)/6). Let d be (-6)/9*(u + 4). Determine x(d).
6
Let a(x) = 2*x**2 + x. Let t be 5/10*(-1 - -7). Suppose 2*o + 4*p + 14 = 0, 5*o - 4 = t*o + 2*p. Let r = 0 - o. Calculate a(r).
3
Let b(m) = -4*m**3 - 55*m**2 + 14*m + 4. Let r be b(-14). Let t(c) be the third derivative of -c**6/120 + c**5/12 - c**4/12 - c**3/2 + c**2. Calculate t(r).
5
Let v be 1 - (1/(-1) + -1). Suppose v = q + 2*q. Let k(l) = 8*l**3 - 2*l + 1. Determine k(q).
7
Let a(f) = -7*f**2 - 1. Let y(l) = 10*l**2 + 1. Let u(k) = 7*a(k) + 5*y(k). Suppose -4*w = -7*w. Give u(w).
-2
Let n be 1/(-2)*2 + 5. Suppose 0 = n*b - 3*q + 4, b + 4*q = -q + 22. Let l(d) = -2*d**2 + 0*d**2 + 0*d**2 + d**b. Calculate l(0).
0
Let z(m) = m**2 + 4*m - 3. Let n be z(-5). Let f(p) be the second derivative of p**n + 1/12*p**4 + 5/6*p**3 - 2*p + 0. Give f(-4).
-2
Let t be 6/10 - (-297)/55. Let n(s) = -s + 2. Calculate n(t).
-4
Suppose 1 = -3*u + 4. Let g(x) = -9 + 5 + x - u. Determine g(6).
1
Let i = 3 - 0. Suppose 2*n - 5 - i = 0. Let b(g) = -g**2 + 4*g + 3. Calculate b(n).
3
Let z(s) = 2*s**2 - 2*s + 1. Let g(a) = a**3 + 16*a**2 + a + 18. Let y be g(-16). What is z(y)?
5
Suppose 0 = 4*u - 0*u - 24. Suppose -3*l + 12 = l. Let q be (u/(-4))/(l/4). Let y(a) = -a**3 + 2*a + 1. Give y(q).
5
Let j(q) = -q**3 - 9*q**2 - 2*q - 3. Let g(s) = s**3 + 8*s**2 + 2*s + 3. Let l(r) = -6*g(r) - 5*j(r). Let u = -2 + -1. Calculate l(u).
3
Let d(w) = -w + 5. Let g be d(-10). Suppose -7*z = -2*z - g. Let r(s) = -s**3 + 4*s**2 - s + 2. Calculate r(z).
8
Suppose -4*p + q = p - 25, 0 = -2*q. Let r(u) = -2*u + 7. Calculate r(p).
-3
Let z(g) = 3*g + 3 - 4*g - 4 + 2. Give z(-4).
5
Let a = 3 + -2. Let q(h) = 3*h - 3. Let o(x) = 1. Let f(m) = a*q(m) + 4*o(m). Let s be (-2 - -5)/(9/(-6)). What is f(s)?
-5
Let m(d) = 2*d + 1. Let h = -10 - -10. Suppose h*i = 2*i + 4. Give m(i).
-3
Let l(k) be the second derivative of -k**5/20 + k**3/3 - k**2/2 + 16*k. What is l(1)?
0
Let x(w) = 6 - 5 + 5*w - w + 3*w**2 - 3*w + 2*w**3. Determine x(-2).
-5
Let q = -32 - -41. Let n(c) = -c**2 + 9*c + 5. Calculate n(q).
5
Let d(o) = -2*o**3 - 4*o**2 - 2*o + 2. Let j(g) = -14 + 2*g + 2 - 4*g. Let q be j(-8). Suppose 3*i + 4 = -4*s - 2, -2*i = -3*s + q. Calculate d(i).
6
Let h = 157 - 150. Let s(o) = -o**2 + 10*o + 3. What is s(h)?
24
Let x(g) = -10*g**3 - g**2 + g + 1. Let r(n) = n**2 - 1. Let t be r(0). Give x(t).
9
Let x(a) be the third derivative of a**8/6720 + a**7/504 + a**6/720 - a**5/120 + a**4/3 + 2*a**2. Let q(o) be the second derivative of x(o). Calculate q(-5).
-6
Let m(q) = 8*q**3 + q - 1. Let l(u) = 3*u**2 + u. Let x be l(-1). Suppose -x = -z + 3*z. Let y be (z - -3) + 0 - 1. Calculate m(y).
8
Let d(g) = 5*g + 3*g + 0*g + 7 - 6*g. Give d(-4).
-1
Let z(j) = j**3 - 3*j**2 - 4*j + 5. Let s be z(4). Suppose 21 = -s*f + 6. Let w be f/(-12) + 2/(-8). Let t(d) = d**2 + 5. What is t(w)?
5
Let l be ((-4)/10)/(1/(-10)). Let w(v) = -3*v - v + l*v - 4 - 2*v. Determine w(6).
-16
Let f(h) be the second derivative of h**7/210 + h**6/180 - h**4/24 + h**3/2 - 3*h. Let p(u) be the second derivative of f(u). Give p(-1).
-3
Let c(t) be the first derivative of 6*t - t**2 + 1/4*t**4 - 4/3*t**3 - 1. Let m = 1 + 3. Calculate c(m).
-2
Let a(b) = -165*b + 85*b + 2 + 81*b. Give a(-3).
-1
Suppose 2*x + 35 = 9*x. Let o(b) = b**3 - 6*b**2 + 3*b + 5. Determine o(x).
-5
Let u(w) = w**3 - w. Let h(g) be the second derivative of -3*g**2 + 0 - 1/6*g**3 - 2*g. Let d be h(-7). What is u(d)?
0
Let u(g) = 10 - 4*g**3 - 9 + g**2 + 4*g**2 + 5*g**3 - 2*g. Determine u(-5).
11
Let x(c) = c**2 - 3*c - 3. Suppose 3*g = 4*m - 3, 4*g + 0*m = -4*m + 24. Give x(g).
-3
Let x(w) = -w + 1. Suppose 0*o = 2*o. Suppose -5*k + o*k = -15. Let d = k + -1. Determine x(d).
-1
Let v(f) = 6 - 12*f + 9*f - 3*f**2 - 3*f + 4*f**2. Let r = -4 + 8. What is v(r)?
-2
Let f(m) be the second derivative of m**4/12 - 2*m**3/3 + m**2/2 + 55*m. What is f(2)?
-3
Suppose 4*q = -z + q + 13, -3*q + 9 = 3*z. Let j(p) be the third derivative of p**6/120 + p**5/10 + p**4/12 - p**3/3 - 62*p**2. Determine j(z).
10
Let p(s) = 4*s - 6 - 5 - 7*s + 4*s. Suppose -3*z = -5*r - 25, 0*r - 2*r - 10 = -2*z. Calculate p(z).
-11
Let i = 4 + 0. Let q(w) = 3*w**3 + 2*w - 6. Let y(d) = -5*d**3 + d**2 - 3*d + 12. Let f(t) = i*y(t) + 7*q(t). Determine f(-4).
-2
Let b(y) = -10*y**2 + 2*y + 1. Let p be -4 - (-1 + 1) - -3. What is b(p)?
-11
Let j(o) = o + 2. Let p(d) = -d**2 - 7*d - 6. Let r be p(-5). Suppose 3*l - 2*c - 2 = 0, r*l - c - 4 = 2. Suppose -8 = 2*q + l*q. Determine j(q).
0
Let k(f) = -4*f + 1. Let s(p) = -5*p**3 + p + 1. Let v be s(-1). Suppose -z = 2*d, v*d - 4*z - 12 = 14. Calculate k(d).
-7
Let n(c) be the first derivative of -c**3/3 + 4*c**2 + 2*c - 29. Calculate n(7).
9
Let v = 6 - 8. Let m be -1*(0 - 1) - v. Let q(y) = -7 - 6*y + 2*y**m - 5*y**3 + 2*y**3 - 6*y**2. Calculate q(-5).
-2
Let s be 1/((-34)/18 - -2). Let v(l) be the first derivative of l**2/2 - 11*l - 3. Let k be v(s). Let y(p) = p**3 - 3*p - 3. Determine y(k).
-5
Let k(r) be the first derivative of 4*r**2 + 4*r + 5. What is k(-3)?
-20
Let o = 8 - 3. Suppose -a + 4*v = -20, o*a - 4*v + 2*v = 28. Let l(x) = 1 + 4*x - 3 - 1. Calculate l(a).
13
Let z(w) = w**2. Let c be (-137)/9 + (-8)/(-36). Let k be (-6)/c*(-23 + -2). Let o = 7 + k. Give z(o).
9
Let w(m) = -m**3 - 2*m - 1. Let g be w(-1). Let c(j) be the first derivative of 2 - 3*j - 2*j**g - 1/3*j**3. Give c(-2).
1
Let j be 1*-5*6/15. Let p(d) = d - 2 + d - d - 3*d. What is p(j)?
2
Let r(n) be the third derivative of -n**4/24 - n**3/6 - 2*n**2. Let c(a) = -1. Let s(b) = c(b) - 4*r(b). Determine s(-2).
-5
Let t(r) = 12*r - 1 + 0 - 5*r + 0*r. Determine t(-3).
-22
Suppose 5*s - 4*q - 23 = 0, -s - 2*s - 3*q + 30 = 0. Let p(f) = f - 10. Determine p(s).
-3
Let h(c) = c**3 - 3*c**2 - 4*c + 3. Let b = -102 + 104. What is h(b)?
-9
Let k(a) = -a**2 + 4*a + 5. Suppose r = -4*t + 2*t + 8, 2*t = -4*r + 8. Determine k(t).
5
Let f be 8/3*(-3)/(-4). Let x(w) = -2*w + 4*w**2 - 1 + 1 - 3*w**f - 1. Determine x(3).
2
Suppose -2*p - 9 = k, -5*p - k - 6 = -4*k. Let r(i) = -i**2 - 2*i + 2. Determine r(p).
-1
Let n(g) = -5*g**2 - 13*g - 2. Let x(w) = -3*w**2 - 7*w - 1. Let h(i) = 4*n(i) - 7*x(i). Determine h(3).
-1
Let h(q) = -q**2 + 8*q - 5. Let i(r) = -3*r + 8. Let t be i(0). Determine h(t).
-5
Let b(z) be the third derivative of -7*z**6/720 + z**5/120 - z**4/8 + 2*z**2. Let u(c) be the second derivative of b(c). Let o be 9/6*2/(-3). Calculate u(o).
8
Let v(n) = n**3 + 7*n**2 - n - 1. Let f be v(-7). Let l(b) = -5*b + 11*b**3 - 2 - 10*b**3 - 3*b**2 + b**2 - 3*b**2. Calculate l(f).
4
Suppose -4*n + 4 = 12. Let b(c) be the first derivative of -c**4/4 + 3*c**2/2 + 3*c - 3. Determine b(n).
5
Let r(t) = -2*t**2 + 6*t + 5. Let n(k) = k**2 + 1